{"id":229821,"date":"2025-11-05T12:32:19","date_gmt":"2025-11-05T11:32:19","guid":{"rendered":"https:\/\/andrich.eu\/?page_id=229821"},"modified":"2025-11-05T12:32:19","modified_gmt":"2025-11-05T11:32:19","slug":"gisa","status":"publish","type":"page","link":"https:\/\/andrich.eu\/?page_id=229821","title":{"rendered":"Gisa"},"content":{"rendered":"<p>[et_pb_section fb_built=&#8220;1&#8243; theme_builder_area=&#8220;post_content&#8220; _builder_version=&#8220;4.27.0&#8243; _module_preset=&#8220;default&#8220; min_height=&#8220;90vh&#8220; hover_enabled=&#8220;0&#8243; sticky_enabled=&#8220;0&#8243;][et_pb_row _builder_version=&#8220;4.27.0&#8243; _module_preset=&#8220;default&#8220; theme_builder_area=&#8220;post_content&#8220;][et_pb_column _builder_version=&#8220;4.27.0&#8243; _module_preset=&#8220;default&#8220; type=&#8220;4_4&#8243; theme_builder_area=&#8220;post_content&#8220;][et_pb_text _builder_version=&#8220;4.27.0&#8243; _module_preset=&#8220;default&#8220; theme_builder_area=&#8220;post_content&#8220; hover_enabled=&#8220;0&#8243; sticky_enabled=&#8220;0&#8243;]<\/p>\n<h2 data-start=\"5041\" data-end=\"5060\"><strong data-start=\"5044\" data-end=\"5060\">GISA-Angaben<\/strong><\/h2>\n<ul data-start=\"5062\" data-end=\"5586\">\n<li data-start=\"5062\" data-end=\"5337\">\n<p data-start=\"5064\" data-end=\"5337\"><strong data-start=\"5064\" data-end=\"5168\">Versicherungsvermittlung in der Form Versicherungsmakler und Berater in Versicherungsangelegenheiten<\/strong> gem\u00e4\u00df \u00a7 94 Z. 76 GewO 1994<br data-start=\"5195\" data-end=\"5198\" \/>GISA-Zahl: <strong data-start=\"5211\" data-end=\"5223\">18486605<\/strong><br data-start=\"5223\" data-end=\"5226\" \/>Beh\u00f6rde: Bezirkshauptmannschaft St. Johann im Pongau<br data-start=\"5280\" data-end=\"5283\" \/>Standort: 5500 Bischofshofen, Salzburger Stra\u00dfe 49<\/p>\n<\/li>\n<li data-start=\"5339\" data-end=\"5586\">\n<p data-start=\"5341\" data-end=\"5586\"><strong data-start=\"5341\" data-end=\"5374\">Gewerbliche Verm\u00f6gensberatung<\/strong> ausgenommen Personalkreditvermittlung gem\u00e4\u00df \u00a7 2 Abs. 1 Z. 15 WAG 2018<br data-start=\"5444\" data-end=\"5447\" \/>GISA-Zahl: <strong data-start=\"5460\" data-end=\"5472\">18469172<\/strong><br data-start=\"5472\" data-end=\"5475\" \/>Beh\u00f6rde: Bezirkshauptmannschaft St. Johann im Pongau<br data-start=\"5529\" data-end=\"5532\" \/>Standort: 5500 Bischofshofen, Salzburger Stra\u00dfe 49<\/p>\n<\/li>\n<\/ul>\n<p>[\/et_pb_text][\/et_pb_column][\/et_pb_row][\/et_pb_section]<\/p>\n","protected":false},"excerpt":{"rendered":"<p>GISA-Angaben Versicherungsvermittlung in der Form Versicherungsmakler und Berater in Versicherungsangelegenheiten gem\u00e4\u00df \u00a7 94 Z. 76 GewO 1994GISA-Zahl: 18486605Beh\u00f6rde: Bezirkshauptmannschaft St. Johann im PongauStandort: 5500 Bischofshofen, Salzburger Stra\u00dfe 49 Gewerbliche Verm\u00f6gensberatung ausgenommen Personalkreditvermittlung gem\u00e4\u00df \u00a7 2 Abs. 1 Z. 15 WAG 2018GISA-Zahl: 18469172Beh\u00f6rde: Bezirkshauptmannschaft St. Johann im PongauStandort: 5500 Bischofshofen, Salzburger Stra\u00dfe 49<\/p>\n","protected":false},"author":1,"featured_media":0,"parent":0,"menu_order":0,"comment_status":"closed","ping_status":"closed","template":"","meta":{"_et_pb_use_builder":"on","_et_pb_old_content":"","_et_gb_content_width":"","footnotes":""},"class_list":["post-229821","page","type-page","status-publish","hentry"],"_links":{"self":[{"href":"https:\/\/andrich.eu\/index.php?rest_route=\/wp\/v2\/pages\/229821","targetHints":{"allow":["GET"]}}],"collection":[{"href":"https:\/\/andrich.eu\/index.php?rest_route=\/wp\/v2\/pages"}],"about":[{"href":"https:\/\/andrich.eu\/index.php?rest_route=\/wp\/v2\/types\/page"}],"author":[{"embeddable":true,"href":"https:\/\/andrich.eu\/index.php?rest_route=\/wp\/v2\/users\/1"}],"replies":[{"embeddable":true,"href":"https:\/\/andrich.eu\/index.php?rest_route=%2Fwp%2Fv2%2Fcomments&post=229821"}],"version-history":[{"count":2,"href":"https:\/\/andrich.eu\/index.php?rest_route=\/wp\/v2\/pages\/229821\/revisions"}],"predecessor-version":[{"id":229823,"href":"https:\/\/andrich.eu\/index.php?rest_route=\/wp\/v2\/pages\/229821\/revisions\/229823"}],"wp:attachment":[{"href":"https:\/\/andrich.eu\/index.php?rest_route=%2Fwp%2Fv2%2Fmedia&parent=229821"}],"curies":[{"name":"wp","href":"https:\/\/api.w.org\/{rel}","templated":true}]}}